**2/2 + b. Let a be p(-1). Determine d(a).
6
Let p be 4/14 - 1130/(-14). Let z = p + -119. Let s be (-2)/(-10) - z/10. Let h(i) = -i - 1. Give h(s).
-5
Let i be (-35)/(-20) - 2/(-8). Let y(z) = -2*z**i - 7*z + z**2 + 2 + 0*z**2. Calculate y(-6).
8
Suppose 2*c = -6, -5*c = -4*f - f + 50. Suppose -1 = 3*n - f. Let i(g) = -2*g**2 - 2. Let k(u) = u**2 + 1. Let t(b) = 2*i(b) + 6*k(b). What is t(n)?
10
Let m(n) = 7*n + 2. Let y(o) = 11*o + 3. Let v(q) = -8*m(q) + 5*y(q). Determine v(-5).
4
Let p(i) = i**3 + i**2 + 1. Let s(x) = 3*x**3 - 4*x**2 + 9. Let z(g) = 2*p(g) - s(g). Calculate z(6).
-7
Let d = -21 + 34. Suppose 3*a = -d + 1. Let r(z) = z. Give r(a).
-4
Suppose -y = 1, -5*q + q = -3*y - 11. Let j(l) = 3*l**2 + 2*l. What is j(q)?
16
Let j(l) = 5*l**3 - 4*l**2 - 2*l + 0 - 4*l**3 + 3. Determine j(4).
-5
Let d(h) = h**3 + 8*h**2 - 6*h + 9. Let q be d(-9). Let t be 2 - q/(2 - -1). Let c be t/3 + 2/6. Let n(z) = -z**2 + 2*z + 2. Calculate n(c).
-1
Let k = 45 - 49. Let x(v) = -v**3 - 3*v**2 + 5*v + 4. Calculate x(k).
0
Let c(s) be the third derivative of -s**4/12 - 2*s**3/3 - s**2. Calculate c(4).
-12
Suppose 3*g + 4*r - r = 0, 2*g - 15 = r. Let k(y) be the second derivative of -2*y + 1/2*y**2 + 1/4*y**4 + 0 - 1/20*y**g - 1/6*y**3. What is k(2)?
3
Let x be 2/(-3)*(-27)/9. Let i be -2 + 2*x/(-4). Let d(w) = w**3 + 4*w**2 + 4*w - 1. Give d(i).
-4
Let k(v) = 5*v - 30 + 4*v**2 - 29 + 61. Calculate k(-3).
23
Let r(t) be the third derivative of t**9/60480 - t**8/4032 + t**7/5040 + t**6/720 - t**5/20 + 9*t**2. Let n(h) be the third derivative of r(h). Give n(5).
6
Let q be (4/6)/((-8)/12). Let c(v) = 2*v - 1 + 2*v - 7*v. What is c(q)?
2
Suppose -3*q + 8 = -f, 6*q = -f + q + 32. Let b(k) = -k**3 - 6*k**2 - 5*k + 3. Let u be b(-5). Let g(c) = -3 - c**u + f + 0*c**3. Determine g(0).
4
Let t(o) be the third derivative of -o**6/240 - o**5/20 - 5*o**4/24 + 4*o**2. Let n(w) be the second derivative of t(w). Give n(-4).
6
Suppose 4 = -2*l + 4*l. Let p(h) = -4*h**2 + 4*h**l + 0*h**2 - 6*h**2. Calculate p(1).
-6
Let o(q) = -3*q + q + 1 - 3*q + 7*q. Let y = 15 + -19. Give o(y).
-7
Let i(v) = -58 - 51 + 110 - v**2 - 2*v. Suppose 3*b - 4*x = 2, 2*x - 3 = b - 5. What is i(b)?
1
Let q(r) = 2*r - 3. Let y(k) = 0 + 1 + 4 - k - 1. Let t(o) = 4*q(o) + 5*y(o). What is t(-6)?
-10
Suppose -4*b = 0, 2*f = -2*f + 3*b + 4. Let d = f - -3. Let l = d - 5. Let h(y) = y**3 + 2*y**2 + y. Determine h(l).
0
Let h be 2/(-3) + (-20)/6. Let k(v) be the second derivative of -v**4/12 - 2*v**3/3 - 5*v**2/2 - 2*v. Determine k(h).
-5
Let w(y) = 3*y + 1 + 1 + 4. Suppose -64 = -3*d - 76. Give w(d).
-6
Suppose g + 2 = -5*q + 2*q, 5*g - q = 6. Let v(y) = 1. Let l(n) = -n**2 - 4*n - 4. Let i(p) = g*l(p) + 5*v(p). Suppose 6*j - 4*j = -8. Determine i(j).
1
Let l = -3 + 7. Suppose 0 = -2*d + l + 2. Let k(y) = 2*y - d + 3. Calculate k(-4).
-8
Let u be 2 + -1 + 5 + -3. Let p = 6 - u. Suppose i + p = -2*q - 0*i, -11 = -q - 3*i. Let a(x) = x**2 + 4*x - 3. Calculate a(q).
-3
Let x be 9/(-12)*4*-1. Let i(j) = -3*j + 4. Let y be i(x). Let b(w) = -4*w + 2 - w**3 - 6*w**2 - 3*w + w. What is b(y)?
7
Let p(b) = b - 8. Let a(l) = -l + 7. Let j(v) = 6*a(v) + 5*p(v). Give j(2).
0
Let n(x) be the second derivative of -x**4/12 + x**3/6 - x**2/2 + 2*x. Let l(j) be the first derivative of n(j). Suppose 0 = 4*a + 4 - 0. Calculate l(a).
3
Suppose -2*a + 1 = -n + 2, 5*a = -4*n - 22. Let g(h) = h**2 + 3*h - 2. What is g(a)?
-4
Let l(s) be the first derivative of s**5/60 + s**4/24 + s**2/2 - 1. Let b(a) be the second derivative of l(a). Calculate b(2).
6
Suppose -4*w = 29 - 9. Let g(d) = d + 8. Let a be g(w). Let c(j) = -3 + 3*j - j**2 - 4 + 4. Give c(a).
-3
Let v(g) = -6*g. Suppose -6 = 2*y + 4, -4*h - 5*y - 13 = 0. Suppose -h*n - 2 = -4*n. Suppose -f = -3*f - n. Give v(f).
6
Let h = 14 + -8. Let x(f) be the first derivative of -f**3/3 + 7*f**2/2 - 4*f - 1. Let y be x(h). Let m(b) = -b**2 + b - 1. Give m(y).
-3
Let o(l) = 2*l**2 - 4*l + 1. Let n be o(3). Let s(i) = 2 + 0*i**3 - 2*i + 4*i**2 + n*i + i**3 + 2. Give s(-3).
-2
Let j(u) = -5*u + 1. Let c be j(3). Let o = -10 - c. Let r(k) = -k**3 + 4*k**2 + 3*k - 6. Give r(o).
6
Let z(c) = c**3 + 5*c**2 - 8*c + 1. Let x be z(-6). Suppose k = 12 - 4. Let w = x - k. Let d(j) = j**3 - 6*j**2 + 4*j - 3. Give d(w).
-8
Let m = 2 - -1. Suppose -u + 4*v = -10, m = 2*u + 3*v - 6. Let o(w) = -w + 5. What is o(u)?
-1
Let o(l) be the second derivative of l**5/20 - l**4/2 + l**3/2 + 12*l. Suppose 4*q + 4*z - 20 = 12, 2*q + 4*z = 22. Determine o(q).
-10
Let c(z) = -6 - 4 + 2 + 4 + z. Give c(-4).
-8
Let h(o) = 7*o - 1. Let u(m) = 2*m**2 - m. Let r be (-6)/(-4) + 1/(-2). Let j be u(r). Determine h(j).
6
Let z(s) = s**2 - 6*s + 4. Let q(d) = d**3 + 13*d**2 - d - 6. Let v be q(-13). Give z(v).
11
Let h(x) = 20*x - 17. Let j(c) = -7*c + 6. Let n(y) = 6*h(y) + 17*j(y). Let o be n(0). Let k(i) = -349*i + 174*i + 175*i + i**2 - 2. Calculate k(o).
-2
Let l be (6/12)/((-2)/16). Let h(o) be the second derivative of o**5/20 + o**4/4 - 5*o**3/6 - o**2/2 - o. What is h(l)?
3
Let f = 6 + -4. Let r(g) = -9*g**2 + 8*g + 2. Let m(j) = 17*j**2 - 15*j - 4. Let l(c) = -6*m(c) - 11*r(c). What is l(f)?
-6
Let z(m) = -16*m - 16*m + 7 + 31*m. Calculate z(9).
-2
Let i(g) be the second derivative of 1/6*g**4 - 1/6*g**3 + 0 - 2*g**2 + g. What is i(3)?
11
Let j(o) = 6*o + 4. Let y(v) be the third derivative of -3*v**4/8 - v**3 - 3*v**2. Let q(m) = 7*j(m) + 5*y(m). Let b be 2*-1 - (0 + 1). Determine q(b).
7
Let w(s) = 4*s - 3 - 3*s + s. What is w(3)?
3
Let v(c) = -2*c**2 + 4*c - 3. Suppose -1 = -p - 2. Let h be p/(((-6)/(-9))/(-2)). Calculate v(h).
-9
Let a(l) = 2*l**3 - l. Suppose 0 = -2*p - 0*p + 44. Let q = p - 23. Determine a(q).
-1
Let u(h) = h**2 - h + 13. Let f = 69 - 69. What is u(f)?
13
Suppose -2 = -h + 3*y, 0 = 3*y - 2*y - 1. Let l(v) = -v**2 + 5*v + 4. Let t be l(h). Let a(j) = -j**2 + j + 4. Give a(t).
-8
Suppose 12 = 6*d - 4*d. Let x(b) = -b + 1. Determine x(d).
-5
Let v be 5/2*12/15. Let n(a) = 1 - 2*a + v*a - a**3 + 3*a**2 - 2*a. Let r be (2/(-3))/((10/(-9))/5). Determine n(r).
-5
Let k be 0 + 0 - (-2 + 2). Let l(d) be the first derivative of d**3/3 - d**2/2 + 6*d + 39. Determine l(k).
6
Let d(a) = 3*a**2 - 7*a - 7. Let f(b) = 10*b**2 - 22*b - 22. Let i(o) = -7*d(o) + 2*f(o). Suppose 2*m + 12 = -0*m. Let l be 5/2*m/(-3). Give i(l).
5
Let z(d) = 3*d - 4*d + 30*d**2 - 29*d**2 - 15*d**3. Calculate z(1).
-15
Let h(n) = -3*n**2 - 6*n - 3. Let p(w) = w**2. Let r(s) = -h(s) - 4*p(s). Give r(6).
3
Let c(g) = g - 4*g - 2 - 1. Let b be c(-2). Suppose 0 = -3*f - 4*a + 13, 6*f - b*a = 3*f - 15. Let v(i) = 2*i**3 - 2*i**2 - 2*i - 1. Determine v(f).
-3
Let i(o) = 2*o**2 - 2. Let u(f) = -8*f**2 + f + 1. Let a be u(-1). Let r be (-2*2)/(a - -10). What is i(r)?
6
Let u(j) = 2*j - 1. Let r be u(-3). Let s = r - -6. Let b(f) be the first derivative of f**2 + f + 2. Calculate b(s).
-1
Let m be (75/10)/(6/8). Let t = m + -6. Let g(f) = f**2 - 2. Let d(p) = -2*p**2 + p + 4. Let u(q) = 4*d(q) + 7*g(q). What is u(t)?
2
Let h(j) = 5*j - 3*j + 1 - 3*j + j**3. Let m = 1 + 0. Determine h(m).
1
Let x(r) = r**2 + 5*r + r + 0 - 3 + 0. Give x(-7).
4
Let q = 18 - 13. Suppose 0 = -3*c, 0 = -q*n - 4*c + 3 + 17. Let w(f) = 4*f - 7. Let p(g) = -2*g + 4. Let u(i) = -11*p(i) - 6*w(i). Calculate u(n).
-10
Let k(j) = 3*j + 3. Let o(d) = -4*d - 3. Let m(z) = -3*k(z) - 2*o(z). Determine m(4).
-7
Let h(x) = -x**3 + 5*x**2 + 6*x + 2. Let m be h(6). Let q(l) = 0*l + 0*l + 5 - m*l. Let w = 2 + -6. Give q(w).
13
Let j(b) = 4*b + 2. Let t(w) = 7*w + 5. Let a(d) = 5*j(d) - 3*t(d). Suppose -4*n = -8 - 0. Suppose -3*y = -n*y + 2*i + 13, -5*y + 3*i - 13 = 0. Determine a(y).
0
Let d(p) = 4*p - p**2 - 1 + 0 - 5 + 4. Calculate d(3).
1
Let u be -1*8/4 - -3. Suppose -2*o - 9 = -u. Let y(s) = s + 5. Give y(o).
1
Let v(t) = -t**2 + 4*t - 2. Suppose -r + 2*r + 15 = p, 5*p = -4*r - 15. Let k be 0 - (r/2 - -3). Suppose k*w = 7*w - 25. Give v(w).
-7
Let r(f) = 2 + 3 - f + 0*f. Let c = -79 + 85. Calculate r(c).
-1
Let f(t) = t - 5. Let p be f(8). Let h(o) = -2*o + o + p*o - 3*o. Give h(-2).
2
Let n(w) = 5*w - 36. Let v(o) = -5 + 0*o - 4 + o. Let q(p) = -2*n(p) + 9*v(p). Determine q(0).
-9
Let s(w) = -14*w**2 + 4 + 3*w**2 + 4*w**2 + 6*w**2 - 2*w. Let o be (-2)/(-1 + (